{"id":11446,"date":"2021-01-26T12:16:04","date_gmt":"2021-01-26T11:16:04","guid":{"rendered":"https:\/\/eugenius.eu\/artseries\/"},"modified":"2025-03-12T09:13:25","modified_gmt":"2025-03-12T08:13:25","slug":"artseries","status":"publish","type":"page","link":"https:\/\/eugenius.eu\/eur\/artseries\/","title":{"rendered":"ARTseries"},"content":{"rendered":"\n<h2 class=\"wp-block-heading\">SERIA ART<\/h2>\n\n<figure class=\"wp-block-image\"><img decoding=\"async\" src=\"https:\/\/eugenius.eu\/wp-content\/uploads\/2023\/10\/1_seria-ART.jpg\" alt=\"\" title=\"\"><\/figure>\n\n<p><\/p>\n\n<p>seria kwadratowych i prostok\u0105tnych opraw o szeroko\u015bci 90 mm, z minimalistycznym frezem na obudowie. frez powt\u00f3rzyli\u015bmy w seriach iQ i FUN, dzi\u0119ki czemu mo\u017cna je \u0142\u0105czy\u0107 w r\u00f3\u017cnorodne kompozycje. seria zawiera oprawy natynkowe, wbudowane, \u015bcienne, zwieszane oraz do szynoprzewodu. oprawy ART dost\u0119pne s\u0105 zar\u00f3wno z widocznym, wymiennym \u017ar\u00f3d\u0142em \u015bwiat\u0142a jak i zintegrowanym, przes\u0142oni\u0119tym mleczn\u0105 szyb\u0105, \u017ar\u00f3d\u0142em \u015bwiat\u0142a LED.<\/p>\n\n<h2 class=\"wp-block-heading has-text-align-center\">\u00a0seria ART \u2013 jedna obudowa, wiele mo\u017cliwo\u015bci!<\/h2>\n\n<p>w serii ART obudowa o tych samych wymiarach mo\u017ce by\u0107 zar\u00f3wno lamp\u0105 wisz\u0105c\u0105, jak i natynkow\u0105 czy \u015bcienn\u0105 z wn\u0119trzem dobranym do Twoich potrzeb. dzi\u0119ki szerokiej gamie rozmiar\u00f3w, wyko\u0144czenia, typ\u00f3w \u017ar\u00f3de\u0142 \u015bwiat\u0142a, czy ich liczbie mo\u017cemy dopasowa\u0107 lampy do ka\u017cdej przestrzeni. w serii ART s\u0105 r\u00f3wnie\u017c dost\u0119pne rynny natynkowe i podtynkowe, kt\u00f3re zwi\u0119kszaj\u0105 mo\u017cliwo\u015bci tworzenia uk\u0142ad\u00f3w i kompozycji.<\/p>\n\n<p>podobnie, jak w innych seriach, oprawy serii ART wyst\u0119puj\u0105 w r\u00f3\u017cnych wariantach wysoko\u015bci i d\u0142ugo\u015bci<\/p>\n\n<h2 class=\"wp-block-heading has-text-align-center\">\u00a0lampy natynkowe<\/h2>\n\n<figure class=\"wp-block-image\"><img decoding=\"async\" src=\"https:\/\/eugenius.eu\/wp-content\/uploads\/2023\/10\/2_lampy-natynkowe.jpg\" alt=\"\" title=\"\"><\/figure>\n\n<p><\/p>\n\n<p>natynkowe lampy z serii ART s\u0105 dost\u0119pne w trzech wysoko\u015bciach: BASE 72 mm, MID 100 mm oraz TOP 155 mm. oprawy mo\u017cemy zaproponowa\u0107 w d\u0142ugo\u015bci od 90mm do a\u017c 1500mm. lampy malujemy na jeden z pi\u0119ciu kolor\u00f3w, wn\u0119trze oprawy poza podstawowymi kolorami mo\u017ce by\u0107 dodatkowo wykonane w metalach szlachetnych. lampy mog\u0105 mie\u0107 jedno, dwa wymienne \u017ar\u00f3d\u0142a \u015bwiat\u0142a, lub zintegrowany modu\u0142 led przys\u0142oni\u0119ty plex\u0105. dodatkowo cz\u0119\u015b\u0107 wn\u0119trza lampy mo\u017ce by\u0107 przys\u0142oni\u0119ta blend\u0105. natynkowe lampy z serii ART idealnie wpasuj\u0105 si\u0119 w eleganckie wn\u0119trza a dzi\u0119ki powtarzalnej estetyce mog\u0105 by\u0107 \u0142\u0105czone z innymi produktami z serii ART, FUN czy IQ.<\/p>\n\n<h2 class=\"wp-block-heading has-text-align-center\">lampy podtynkowe<\/h2>\n\n<figure class=\"wp-block-image\"><img decoding=\"async\" src=\"https:\/\/eugenius.eu\/wp-content\/uploads\/2023\/10\/3_lampy-podtynkowe.jpg\" alt=\"\" title=\"\"><\/figure>\n\n<p><\/p>\n\n<p>podtynkowe lampy z serii ART s\u0105 dost\u0119pne w trzech wysoko\u015bciach: FREE 3mm oraz START 20mm. lampy malujemy na jeden z pi\u0119ciu kolor\u00f3w, wn\u0119trze oprawy poza podstawowymi kolorami mo\u017ce by\u0107 dodatkowo wykonane w metalach szlachetnych. oprawy mog\u0105 mie\u0107 jedno lub dwa wymienne \u017ar\u00f3d\u0142a \u015bwiat\u0142a lub zintegrowany modu\u0142 led przys\u0142oni\u0119ty plex\u0105. dodatkowo cz\u0119\u015b\u0107 wn\u0119trza lampy mo\u017ce by\u0107 przys\u0142oni\u0119ta blend\u0105. podtynkowe lampy z serii ART idealnie wpasuj\u0105 si\u0119 w minimalistyczne i eleganckie wn\u0119trza a dzi\u0119ki powtarzalnej estetyce mog\u0105 by\u0107 \u0142\u0105czone z innymi produktami z serii ART, FUN czy IQ.<\/p>\n\n<h2 class=\"wp-block-heading has-text-align-center\">\u00a0lampy do szynoprzewodu<\/h2>\n\n<figure class=\"wp-block-image\"><img decoding=\"async\" src=\"https:\/\/eugenius.eu\/wp-content\/uploads\/2023\/10\/4_lampy-do-szynoprzewodu.jpg\" alt=\"\" title=\"\"><\/figure>\n\n<p><\/p>\n\n<p>w serii ART mo\u017cemy znale\u017a\u0107 tak\u017ce lampy do szynoprzewod\u00f3w jedno i tr\u00f3jfazowych. oprawy s\u0105 montowane w szybki spos\u00f3b za pomoc\u0105 adapter\u00f3w, dodatkowo szynoprzew\u00f3d tr\u00f3jfazowy umo\u017cliwia podzia\u0142 opraw na trzy \u015bwiec\u0105ce obwody w jednym szynoprzewodzie, dzi\u0119ki czemu bez inteligentnej instalacji mamy mo\u017cliwo\u015b\u0107 sterowania osobno trzema obwodami. lampy s\u0105 dost\u0119pne w trzech wysoko\u015bciach: BASE 72 mm, MID 100 mm oraz TOP 155 mm. lampy do szynoprzewodu oferujemy w d\u0142ugo\u015bciach od 90mm do a\u017c 1500mm. w ofercie s\u0105 r\u00f3wnie\u017c dost\u0119pne oprawy kierowane, na obrotowym przegubie z uchyln\u0105 opraw\u0105, kt\u00f3ra umo\u017cliwia precyzyjne sterowanie strumieniem \u015bwietlnym. do wyboru mamy tak\u017ce rodzaj elementu \u015bwiec\u0105cego \u2013 \u017car\u00f3wka lub zintegrowany modu\u0142 led przes\u0142oni\u0119ty plex\u0105. dodatkowo cz\u0119\u015b\u0107 wn\u0119trza mo\u017ce by\u0107 przes\u0142oni\u0119ta blend\u0105. lampy malujemy na jeden z pi\u0119ciu kolor\u00f3w, wn\u0119trze oprawy poza podstawowymi kolorami mo\u017ce by\u0107 dodatkowo wykonane w metalach szlachetnych.<\/p>\n\n<h2 class=\"wp-block-heading has-text-align-center\">\u00a0lampy\u00a0zwieszane<\/h2>\n\n<p>oprawy zwieszane z serii ART s\u0105 dost\u0119pne w trzech wysoko\u015bciach: BASE 72 mm, MID 100 mm oraz TOP 155 mm. d\u0142ugo\u015b\u0107 podobnie jak w przypadku pozosta\u0142ych opraw z serii ART wynosi od 90mm do 1500mm. lampy malujemy na jeden z pi\u0119ciu kolor\u00f3w, wn\u0119trze oprawy poza podstawowymi kolorami mo\u017ce by\u0107 dodatkowo wykonane w metalach szlachetnych. do wyboru mamy tak\u017ce rodzaj elementu \u015bwiec\u0105cego \u2013 \u017car\u00f3wka lub zintegrowany modu\u0142 led przys\u0142oni\u0119ty plex\u0105. dodatkowo cz\u0119\u015b\u0107 wn\u0119trza mo\u017ce by\u0107 przys\u0142oni\u0119ta blend\u0105. oprawy dost\u0119pne s\u0105 z podsufitk\u0105 natynkow\u0105 lub podtynkow\u0105 oploty standardowo dost\u0119pne s\u0105 w sze\u015bciu kolorach, na specjalne \u017cyczenie mo\u017cemy zaoferowa\u0107 inne kolory oplot\u00f3w.<\/p>\n\n<h2 class=\"wp-block-heading has-text-align-center\">systemy rynnowe&#13;\nserii ART<\/h2>\n\n<figure class=\"wp-block-image\"><img decoding=\"async\" src=\"https:\/\/eugenius.eu\/wp-content\/uploads\/2023\/10\/6_systemy-rynnowe-serii-ART.jpg\" alt=\"\" title=\"\"><\/figure>\n\n<p><\/p>\n\n<p>natynkowe i podtynkowe rynny z serii ART o szeroko\u015bci 104mm i wysoko\u015bci\/ g\u0142\u0119boko\u015bci 38mm zosta\u0142y zaprojektowane do tworzenia zaawansowanych uk\u0142ad\u00f3w liniowych z lampami serii ART. rynny s\u0105 idealnie dopasowane do szeroko\u015bci opraw co umo\u017cliwia nam tworzenia dowolnych kompozycji. nic nie stoi na przeszkodzie, aby rynna z kinkietami ART zamontowana na \u015bcianie przechodzi\u0142a w rynn\u0119 sufitow\u0105 a nast\u0119pnie \u0142\u0105czy\u0142a si\u0119 z opraw\u0105 natynkow\u0105 z serii ART. niew\u0105tpliw\u0105 zalet\u0105 wpuszczanych rynien jest ich g\u0142\u0119boko\u015b\u0107 wpuszczenia (38mm), dzi\u0119ki kt\u00f3rej nie musimy ci\u0105\u0107 konstrukcji sufitu podwieszanego co znacznie skraca czas monta\u017cu. \u00a0<\/p>\n\n<h2 class=\"wp-block-heading has-text-align-center\">film o serii<\/h2>\n\n<figure class=\"wp-block-embed is-type-video is-provider-youtube wp-block-embed-youtube wp-embed-aspect-16-9 wp-has-aspect-ratio\">\r\n<div class=\"wp-block-embed__wrapper\">https:\/\/www.youtube.com\/watch?v=4lhU0Gnwvu4<\/div><\/figure>\n","protected":false},"excerpt":{"rendered":"<p>SERIA ART seria kwadratowych i prostok\u0105tnych opraw o szeroko\u015bci 90 mm, z minimalistycznym frezem na obudowie. frez powt\u00f3rzyli\u015bmy w seriach iQ i FUN, dzi\u0119ki czemu mo\u017cna je \u0142\u0105czy\u0107 w r\u00f3\u017cnorodne kompozycje. seria zawiera oprawy natynkowe, wbudowane, \u015bcienne, zwieszane oraz do szynoprzewodu. oprawy ART dost\u0119pne s\u0105 zar\u00f3wno z widocznym, wymiennym \u017ar\u00f3d\u0142em \u015bwiat\u0142a jak i zintegrowanym, przes\u0142oni\u0119tym [&hellip;]<\/p>\n","protected":false},"author":3,"featured_media":12498,"parent":0,"menu_order":0,"comment_status":"closed","ping_status":"closed","template":"","meta":{"footnotes":""},"class_list":["post-11446","page","type-page","status-publish","has-post-thumbnail","hentry"],"_links":{"self":[{"href":"https:\/\/eugenius.eu\/eur\/wp-json\/wp\/v2\/pages\/11446","targetHints":{"allow":["GET"]}}],"collection":[{"href":"https:\/\/eugenius.eu\/eur\/wp-json\/wp\/v2\/pages"}],"about":[{"href":"https:\/\/eugenius.eu\/eur\/wp-json\/wp\/v2\/types\/page"}],"author":[{"embeddable":true,"href":"https:\/\/eugenius.eu\/eur\/wp-json\/wp\/v2\/users\/3"}],"replies":[{"embeddable":true,"href":"https:\/\/eugenius.eu\/eur\/wp-json\/wp\/v2\/comments?post=11446"}],"version-history":[{"count":5,"href":"https:\/\/eugenius.eu\/eur\/wp-json\/wp\/v2\/pages\/11446\/revisions"}],"predecessor-version":[{"id":32198,"href":"https:\/\/eugenius.eu\/eur\/wp-json\/wp\/v2\/pages\/11446\/revisions\/32198"}],"wp:featuredmedia":[{"embeddable":true,"href":"https:\/\/eugenius.eu\/eur\/wp-json\/wp\/v2\/media\/12498"}],"wp:attachment":[{"href":"https:\/\/eugenius.eu\/eur\/wp-json\/wp\/v2\/media?parent=11446"}],"curies":[{"name":"wp","href":"https:\/\/api.w.org\/{rel}","templated":true}]}}

<h2 class="wp-block-heading">SERIA ART</h2>

<figure class="wp-block-image"><img decoding="async" src="https://eugenius.eu/wp-content/uploads/2023/10/1_seria-ART.jpg" alt="" title=""></figure>

<p></p>

<p>seria kwadratowych i prostokątnych opraw o szerokości 90 mm, z minimalistycznym frezem na obudowie. frez powtórzyliśmy w seriach iQ i FUN, dzięki czemu można je łączyć w różnorodne kompozycje. seria zawiera oprawy natynkowe, wbudowane, ścienne, zwieszane oraz do szynoprzewodu. oprawy ART dostępne są zarówno z widocznym, wymiennym źródłem światła jak i zintegrowanym, przesłoniętym mleczną szybą, źródłem światła LED.</p>

<h2 class="wp-block-heading has-text-align-center"> seria ART – jedna obudowa, wiele możliwości!</h2>

<p>w serii ART obudowa o tych samych wymiarach może być zarówno lampą wiszącą, jak i natynkową czy ścienną z wnętrzem dobranym do Twoich potrzeb. dzięki szerokiej gamie rozmiarów, wykończenia, typów źródeł światła, czy ich liczbie możemy dopasować lampy do każdej przestrzeni. w serii ART są również dostępne rynny natynkowe i podtynkowe, które zwiększają możliwości tworzenia układów i kompozycji.</p>

<p>podobnie, jak w innych seriach, oprawy serii ART występują w różnych wariantach wysokości i długości</p>

<h2 class="wp-block-heading has-text-align-center"> lampy natynkowe</h2>

<figure class="wp-block-image"><img decoding="async" src="https://eugenius.eu/wp-content/uploads/2023/10/2_lampy-natynkowe.jpg" alt="" title=""></figure>

<p></p>

<p>natynkowe lampy z serii ART są dostępne w trzech wysokościach: BASE 72 mm, MID 100 mm oraz TOP 155 mm. oprawy możemy zaproponować w długości od 90mm do aż 1500mm. lampy malujemy na jeden z pięciu kolorów, wnętrze oprawy poza podstawowymi kolorami może być dodatkowo wykonane w metalach szlachetnych. lampy mogą mieć jedno, dwa wymienne źródła światła, lub zintegrowany moduł led przysłonięty plexą. dodatkowo część wnętrza lampy może być przysłonięta blendą. natynkowe lampy z serii ART idealnie wpasują się w eleganckie wnętrza a dzięki powtarzalnej estetyce mogą być łączone z innymi produktami z serii ART, FUN czy IQ.</p>

<h2 class="wp-block-heading has-text-align-center">lampy podtynkowe</h2>

<figure class="wp-block-image"><img decoding="async" src="https://eugenius.eu/wp-content/uploads/2023/10/3_lampy-podtynkowe.jpg" alt="" title=""></figure>

<p></p>

<p>podtynkowe lampy z serii ART są dostępne w trzech wysokościach: FREE 3mm oraz START 20mm. lampy malujemy na jeden z pięciu kolorów, wnętrze oprawy poza podstawowymi kolorami może być dodatkowo wykonane w metalach szlachetnych. oprawy mogą mieć jedno lub dwa wymienne źródła światła lub zintegrowany moduł led przysłonięty plexą. dodatkowo część wnętrza lampy może być przysłonięta blendą. podtynkowe lampy z serii ART idealnie wpasują się w minimalistyczne i eleganckie wnętrza a dzięki powtarzalnej estetyce mogą być łączone z innymi produktami z serii ART, FUN czy IQ.</p>

<h2 class="wp-block-heading has-text-align-center"> lampy do szynoprzewodu</h2>

<figure class="wp-block-image"><img decoding="async" src="https://eugenius.eu/wp-content/uploads/2023/10/4_lampy-do-szynoprzewodu.jpg" alt="" title=""></figure>

<p></p>

<p>w serii ART możemy znaleźć także lampy do szynoprzewodów jedno i trójfazowych. oprawy są montowane w szybki sposób za pomocą adapterów, dodatkowo szynoprzewód trójfazowy umożliwia podział opraw na trzy świecące obwody w jednym szynoprzewodzie, dzięki czemu bez inteligentnej instalacji mamy możliwość sterowania osobno trzema obwodami. lampy są dostępne w trzech wysokościach: BASE 72 mm, MID 100 mm oraz TOP 155 mm. lampy do szynoprzewodu oferujemy w długościach od 90mm do aż 1500mm. w ofercie są również dostępne oprawy kierowane, na obrotowym przegubie z uchylną oprawą, która umożliwia precyzyjne sterowanie strumieniem świetlnym. do wyboru mamy także rodzaj elementu świecącego – żarówka lub zintegrowany moduł led przesłonięty plexą. dodatkowo część wnętrza może być przesłonięta blendą. lampy malujemy na jeden z pięciu kolorów, wnętrze oprawy poza podstawowymi kolorami może być dodatkowo wykonane w metalach szlachetnych.</p>

<h2 class="wp-block-heading has-text-align-center"> lampy zwieszane</h2>

<p>oprawy zwieszane z serii ART są dostępne w trzech wysokościach: BASE 72 mm, MID 100 mm oraz TOP 155 mm. długość podobnie jak w przypadku pozostałych opraw z serii ART wynosi od 90mm do 1500mm. lampy malujemy na jeden z pięciu kolorów, wnętrze oprawy poza podstawowymi kolorami może być dodatkowo wykonane w metalach szlachetnych. do wyboru mamy także rodzaj elementu świecącego – żarówka lub zintegrowany moduł led przysłonięty plexą. dodatkowo część wnętrza może być przysłonięta blendą. oprawy dostępne są z podsufitką natynkową lub podtynkową oploty standardowo dostępne są w sześciu kolorach, na specjalne życzenie możemy zaoferować inne kolory oplotów.</p>

<h2 class="wp-block-heading has-text-align-center">systemy rynnowe&#13;
serii ART</h2>

<figure class="wp-block-image"><img decoding="async" src="https://eugenius.eu/wp-content/uploads/2023/10/6_systemy-rynnowe-serii-ART.jpg" alt="" title=""></figure>

<p></p>

<p>natynkowe i podtynkowe rynny z serii ART o szerokości 104mm i wysokości/ głębokości 38mm zostały zaprojektowane do tworzenia zaawansowanych układów liniowych z lampami serii ART. rynny są idealnie dopasowane do szerokości opraw co umożliwia nam tworzenia dowolnych kompozycji. nic nie stoi na przeszkodzie, aby rynna z kinkietami ART zamontowana na ścianie przechodziła w rynnę sufitową a następnie łączyła się z oprawą natynkową z serii ART. niewątpliwą zaletą wpuszczanych rynien jest ich głębokość wpuszczenia (38mm), dzięki której nie musimy ciąć konstrukcji sufitu podwieszanego co znacznie skraca czas montażu.  </p>

<h2 class="wp-block-heading has-text-align-center">film o serii</h2>

<figure class="wp-block-embed is-type-video is-provider-youtube wp-block-embed-youtube wp-embed-aspect-16-9 wp-has-aspect-ratio">
<div class="wp-block-embed__wrapper">https://www.youtube.com/watch?v=4lhU0Gnwvu4</div></figure>

<p>SERIA ART seria kwadratowych i prostokątnych opraw o szerokości 90 mm, z minimalistycznym frezem na obudowie. frez powtórzyliśmy w seriach iQ i FUN, dzięki czemu można je łączyć w różnorodne kompozycje. seria zawiera oprawy natynkowe, wbudowane, ścienne, zwieszane oraz do szynoprzewodu. oprawy ART dostępne są zarówno z widocznym, wymiennym źródłem światła jak i zintegrowanym, przesłoniętym [&hellip;]</p>
